{"id":18,"date":"2024-07-18T20:41:16","date_gmt":"2024-07-18T18:41:16","guid":{"rendered":"https:\/\/psycho-therapy.co\/?page_id=18"},"modified":"2025-01-06T15:34:08","modified_gmt":"2025-01-06T14:34:08","slug":"uslugi","status":"publish","type":"page","link":"https:\/\/psycho-therapy.co\/index.php\/pl\/uslugi\/","title":{"rendered":"Us\u0142ugi"},"content":{"rendered":"\n<div class=\"wp-block-columns alignwide is-layout-flex wp-container-core-columns-is-layout-1 wp-block-columns-is-layout-flex\" style=\"margin-bottom:0\">\n<div class=\"wp-block-column has-text-color has-background has-link-color wp-elements-229e60d5788cd7306a6830efe5402647 is-layout-flow wp-block-column-is-layout-flow\" style=\"color:#000000;background-color:#66c5c0;padding-top:2em;padding-right:2em;padding-bottom:2em;padding-left:2em\">\n<h2 class=\"wp-block-heading\" id=\"single\" style=\"font-size:40px\">Indywidualna psychoterapia dla os\u00f3b doros\u0142ych<\/h2>\n\n\n\n<p class=\"has-normal-font-size\" style=\"line-height:1.5\">Mam do\u015bwiadczenie w prowadzeniu psychoterapii dla szerokiego grona klient\u00f3w w r\u00f3\u017cnych plac\u00f3wkach, w tym w NHS, niskokosztownym serwisie terapeutycznym i prywatnej praktyce.<\/p>\n\n\n\n<p class=\"has-normal-font-size\" style=\"line-height:1.5\">W psychoterapii stosuj\u0119 podej\u015bcie integratywne, obejmuj\u0105ce podej\u015bcie psychodynamiczne, humanistyczne i poznawczo-behawioralne.<\/p>\n\n\n\n<hr class=\"wp-block-separator has-text-color has-css-opacity has-background is-style-wide\" style=\"background-color:#000000;color:#000000\"\/>\n\n\n\n<p><\/p>\n\n\n\n<ul class=\"wp-block-list has-normal-font-size\">\n<li>Ka\u017cda sesja trwa 50 minut.<\/li>\n\n\n\n<li>Prowadz\u0119 psychoterapi\u0119 kr\u00f3tko i d\u0142ugoterminow\u0105.<\/li>\n\n\n\n<li>Prowadz\u0119 sesje terapeutyczne w formie stacjonarnej lub on-line za po\u015brednictwem wideo.<\/li>\n\n\n\n<li>Jestem dost\u0119pny przez wi\u0119kszo\u015b\u0107 dni w tygodniu oraz rano i wieczorem.<\/li>\n<\/ul>\n\n\n\n<div class=\"wp-block-buttons alignfull is-horizontal is-content-justification-center is-layout-flex wp-container-core-buttons-is-layout-1 wp-block-buttons-is-layout-flex\">\n<div class=\"wp-block-button has-custom-width wp-block-button__width-100\"><a class=\"wp-block-button__link has-white-color has-text-color has-background no-border-radius wp-element-button\" href=\"https:\/\/psycho-therapy.co\/index.php\/pl\/kontakt\/\" style=\"background-color:#000000\">\u00a355 za sesj\u0119<br>skontaktuj si\u0119 ze mn\u0105<\/a><\/div>\n<\/div>\n<\/div>\n\n\n\n<div class=\"wp-block-column has-text-color has-background has-link-color wp-elements-324b27c27987bfb7660de637c7215113 is-layout-flow wp-block-column-is-layout-flow\" style=\"color:#000000;background-color:#b8e3de;padding-top:2em;padding-right:2em;padding-bottom:2em;padding-left:2em\">\n<h2 class=\"wp-block-heading\" id=\"family\" style=\"font-size:40px\">Psychoterapia dzieci i m\u0142odzie\u017cy<\/h2>\n\n\n\n<p class=\"has-normal-font-size\" style=\"line-height:1.5\">Mam do\u015bwiadczenie w prowadzeniu psychoterapii dla dzieci w wieku przedszkolnym i m\u0142odzie\u017cowym, z r\u00f3\u017cnymi trudno\u015bciami. Pracowa\u0142em w organizacji charytatywnej, oferuj\u0105c g\u0142\u00f3wnie arteterapi\u0119, terapi\u0119 poznawczo-behawioraln\u0105 i terapi\u0119 skoncentrowan\u0105 na rozwi\u0105zaniach.<\/p>\n\n\n\n<hr class=\"wp-block-separator has-css-opacity is-style-wide\"\/>\n\n\n\n<p><\/p>\n\n\n\n<ul class=\"wp-block-list has-normal-font-size\">\n<li>Ka\u017cda sesja trwa 50 minut.<\/li>\n\n\n\n<li>Prowadz\u0119 psychoterapi\u0119 kr\u00f3tko i d\u0142ugoterminow\u0105.<\/li>\n\n\n\n<li>Prowadz\u0119 sesje terapeutyczne w formie stacjonarnej lub on-line za po\u015brednictwem wideo.<\/li>\n\n\n\n<li>Jestem dost\u0119pny przez wi\u0119kszo\u015b\u0107 dni w tygodniu oraz rano i wieczorem.<\/li>\n\n\n\n<li>W pracy z dzie\u0107mi wykorzystuj\u0119 g\u0142\u00f3wnie arteterapi\u0119, lub terapi\u0119 zabaw\u0105. Kiedy pracuj\u0119 z nastolatkami, zazwyczaj stosuj\u0119 terapi\u0119 rozmow\u0105 w ramach integratywnego podej\u015bcia w psychoterapii, obejmuj\u0105cego podej\u015bcie psychodynamiczne, humanistyczne i poznawczo-behawioralne.<\/li>\n<\/ul>\n\n\n\n<div class=\"wp-block-buttons alignfull is-horizontal is-content-justification-center is-nowrap is-layout-flex wp-container-core-buttons-is-layout-2 wp-block-buttons-is-layout-flex\">\n<div class=\"wp-block-button has-custom-width wp-block-button__width-100 is-style-fill\"><a class=\"wp-block-button__link has-white-color has-text-color has-background no-border-radius wp-element-button\" href=\"https:\/\/psycho-therapy.co\/index.php\/pl\/kontakt\/\" style=\"background-color:#000000\">\u00a355 za sesj\u0119<br>skontaktuj si\u0119 ze mn\u0105<\/a><\/div>\n<\/div>\n<\/div>\n<\/div>\n\n\n\n<p><\/p>\n","protected":false},"excerpt":{"rendered":"<p>Indywidualna psychoterapia dla os\u00f3b doros\u0142ych Mam do\u015bwiadczenie w prowadzeniu psychoterapii dla szerokiego grona klient\u00f3w w r\u00f3\u017cnych plac\u00f3wkach, w tym w NHS, niskokosztownym serwisie terapeutycznym i prywatnej praktyce. W psychoterapii stosuj\u0119 podej\u015bcie integratywne, obejmuj\u0105ce podej\u015bcie psychodynamiczne, humanistyczne i poznawczo-behawioralne. Psychoterapia dzieci i m\u0142odzie\u017cy Mam do\u015bwiadczenie w prowadzeniu psychoterapii dla dzieci w wieku przedszkolnym i m\u0142odzie\u017cowym, z [&hellip;]<\/p>\n","protected":false},"author":1,"featured_media":0,"parent":0,"menu_order":0,"comment_status":"closed","ping_status":"closed","template":"template-full-width.php","meta":{"footnotes":""},"class_list":["post-18","page","type-page","status-publish","hentry"],"_links":{"self":[{"href":"https:\/\/psycho-therapy.co\/index.php\/wp-json\/wp\/v2\/pages\/18"}],"collection":[{"href":"https:\/\/psycho-therapy.co\/index.php\/wp-json\/wp\/v2\/pages"}],"about":[{"href":"https:\/\/psycho-therapy.co\/index.php\/wp-json\/wp\/v2\/types\/page"}],"author":[{"embeddable":true,"href":"https:\/\/psycho-therapy.co\/index.php\/wp-json\/wp\/v2\/users\/1"}],"replies":[{"embeddable":true,"href":"https:\/\/psycho-therapy.co\/index.php\/wp-json\/wp\/v2\/comments?post=18"}],"version-history":[{"count":12,"href":"https:\/\/psycho-therapy.co\/index.php\/wp-json\/wp\/v2\/pages\/18\/revisions"}],"predecessor-version":[{"id":246,"href":"https:\/\/psycho-therapy.co\/index.php\/wp-json\/wp\/v2\/pages\/18\/revisions\/246"}],"wp:attachment":[{"href":"https:\/\/psycho-therapy.co\/index.php\/wp-json\/wp\/v2\/media?parent=18"}],"curies":[{"name":"wp","href":"https:\/\/api.w.org\/{rel}","templated":true}]}}

Usługi

<div class="wp-block-columns alignwide is-layout-flex wp-container-core-columns-is-layout-1 wp-block-columns-is-layout-flex" style="margin-bottom:0">
<div class="wp-block-column has-text-color has-background has-link-color wp-elements-229e60d5788cd7306a6830efe5402647 is-layout-flow wp-block-column-is-layout-flow" style="color:#000000;background-color:#66c5c0;padding-top:2em;padding-right:2em;padding-bottom:2em;padding-left:2em">
<h2 class="wp-block-heading" id="single" style="font-size:40px">Indywidualna psychoterapia dla osób dorosłych</h2>



<p class="has-normal-font-size" style="line-height:1.5">Mam doświadczenie w prowadzeniu psychoterapii dla szerokiego grona klientów w różnych placówkach, w tym w NHS, niskokosztownym serwisie terapeutycznym i prywatnej praktyce.</p>



<p class="has-normal-font-size" style="line-height:1.5">W psychoterapii stosuję podejście integratywne, obejmujące podejście psychodynamiczne, humanistyczne i poznawczo-behawioralne.</p>



<hr class="wp-block-separator has-text-color has-css-opacity has-background is-style-wide" style="background-color:#000000;color:#000000"/>



<p></p>



<ul class="wp-block-list has-normal-font-size">
<li>Każda sesja trwa 50 minut.</li>



<li>Prowadzę psychoterapię krótko i długoterminową.</li>



<li>Prowadzę sesje terapeutyczne w formie stacjonarnej lub on-line za pośrednictwem wideo.</li>



<li>Jestem dostępny przez większość dni w tygodniu oraz rano i wieczorem.</li>
</ul>



<div class="wp-block-buttons alignfull is-horizontal is-content-justification-center is-layout-flex wp-container-core-buttons-is-layout-1 wp-block-buttons-is-layout-flex">
<div class="wp-block-button has-custom-width wp-block-button__width-100"><a class="wp-block-button__link has-white-color has-text-color has-background no-border-radius wp-element-button" href="https://psycho-therapy.co/index.php/pl/kontakt/" style="background-color:#000000">£55 za sesję<br>skontaktuj się ze mną</a></div>
</div>
</div>



<div class="wp-block-column has-text-color has-background has-link-color wp-elements-324b27c27987bfb7660de637c7215113 is-layout-flow wp-block-column-is-layout-flow" style="color:#000000;background-color:#b8e3de;padding-top:2em;padding-right:2em;padding-bottom:2em;padding-left:2em">
<h2 class="wp-block-heading" id="family" style="font-size:40px">Psychoterapia dzieci i młodzieży</h2>



<p class="has-normal-font-size" style="line-height:1.5">Mam doświadczenie w prowadzeniu psychoterapii dla dzieci w wieku przedszkolnym i młodzieżowym, z różnymi trudnościami. Pracowałem w organizacji charytatywnej, oferując głównie arteterapię, terapię poznawczo-behawioralną i terapię skoncentrowaną na rozwiązaniach.</p>



<hr class="wp-block-separator has-css-opacity is-style-wide"/>



<p></p>



<ul class="wp-block-list has-normal-font-size">
<li>Każda sesja trwa 50 minut.</li>



<li>Prowadzę psychoterapię krótko i długoterminową.</li>



<li>Prowadzę sesje terapeutyczne w formie stacjonarnej lub on-line za pośrednictwem wideo.</li>



<li>Jestem dostępny przez większość dni w tygodniu oraz rano i wieczorem.</li>



<li>W pracy z dziećmi wykorzystuję głównie arteterapię, lub terapię zabawą. Kiedy pracuję z nastolatkami, zazwyczaj stosuję terapię rozmową w ramach integratywnego podejścia w psychoterapii, obejmującego podejście psychodynamiczne, humanistyczne i poznawczo-behawioralne.</li>
</ul>



<div class="wp-block-buttons alignfull is-horizontal is-content-justification-center is-nowrap is-layout-flex wp-container-core-buttons-is-layout-2 wp-block-buttons-is-layout-flex">
<div class="wp-block-button has-custom-width wp-block-button__width-100 is-style-fill"><a class="wp-block-button__link has-white-color has-text-color has-background no-border-radius wp-element-button" href="https://psycho-therapy.co/index.php/pl/kontakt/" style="background-color:#000000">£55 za sesję<br>skontaktuj się ze mną</a></div>
</div>
</div>
</div>



<p></p>

<p>Indywidualna psychoterapia dla osób dorosłych Mam doświadczenie w prowadzeniu psychoterapii dla szerokiego grona klientów w różnych placówkach, w tym w NHS, niskokosztownym serwisie terapeutycznym i prywatnej praktyce. W psychoterapii stosuję podejście integratywne, obejmujące podejście psychodynamiczne, humanistyczne i poznawczo-behawioralne. Psychoterapia dzieci i młodzieży Mam doświadczenie w prowadzeniu psychoterapii dla dzieci w wieku przedszkolnym i młodzieżowym, z [&hellip;]</p>
